{"id":83,"date":"2025-08-19T13:14:45","date_gmt":"2025-08-19T11:14:45","guid":{"rendered":"https:\/\/fullwall.pl\/?page_id=83"},"modified":"2025-09-28T23:45:56","modified_gmt":"2025-09-28T21:45:56","slug":"oferta","status":"publish","type":"page","link":"https:\/\/fullwall.pl\/?page_id=83","title":{"rendered":"Oferta"},"content":{"rendered":"\t\t<div data-elementor-type=\"wp-page\" data-elementor-id=\"83\" class=\"elementor elementor-83\" data-elementor-post-type=\"page\">\n\t\t\t\t<div class=\"elementor-element elementor-element-5d2de0b6 e-flex e-con-boxed e-con e-parent\" data-id=\"5d2de0b6\" data-element_type=\"container\">\n\t\t\t\t\t<div class=\"e-con-inner\">\n\t\t\t\t<div class=\"elementor-element elementor-element-bf74b elementor-widget elementor-widget-image\" data-id=\"bf74b\" data-element_type=\"widget\" data-settings=\"{&quot;motion_fx_motion_fx_scrolling&quot;:&quot;yes&quot;,&quot;motion_fx_scale_effect&quot;:&quot;yes&quot;,&quot;motion_fx_scale_speed&quot;:{&quot;unit&quot;:&quot;px&quot;,&quot;size&quot;:2,&quot;sizes&quot;:[]},&quot;motion_fx_scale_range&quot;:{&quot;unit&quot;:&quot;%&quot;,&quot;size&quot;:&quot;&quot;,&quot;sizes&quot;:{&quot;start&quot;:65,&quot;end&quot;:100}},&quot;motion_fx_scale_direction&quot;:&quot;out-in&quot;,&quot;motion_fx_devices&quot;:[&quot;desktop&quot;,&quot;tablet&quot;,&quot;mobile&quot;]}\" data-widget_type=\"image.default\">\n\t\t\t\t<div class=\"elementor-widget-container\">\n\t\t\t\t\t\t\t\t\t\t\t\t\t\t\t<img fetchpriority=\"high\" decoding=\"async\" width=\"1920\" height=\"1076\" src=\"https:\/\/fullwall.pl\/wp-content\/uploads\/2025\/09\/1foto-makieta_750426887.jpg\" class=\"attachment-full size-full wp-image-375\" alt=\"\" srcset=\"https:\/\/fullwall.pl\/wp-content\/uploads\/2025\/09\/1foto-makieta_750426887.jpg 1920w, https:\/\/fullwall.pl\/wp-content\/uploads\/2025\/09\/1foto-makieta_750426887-300x168.jpg 300w, https:\/\/fullwall.pl\/wp-content\/uploads\/2025\/09\/1foto-makieta_750426887-1024x574.jpg 1024w, https:\/\/fullwall.pl\/wp-content\/uploads\/2025\/09\/1foto-makieta_750426887-768x430.jpg 768w, https:\/\/fullwall.pl\/wp-content\/uploads\/2025\/09\/1foto-makieta_750426887-1536x861.jpg 1536w\" sizes=\"(max-width: 1920px) 100vw, 1920px\" \/>\t\t\t\t\t\t\t\t\t\t\t\t\t\t\t<\/div>\n\t\t\t\t<\/div>\n\t\t<div class=\"elementor-element elementor-element-23f30c9c e-flex e-con-boxed e-con e-child\" data-id=\"23f30c9c\" data-element_type=\"container\">\n\t\t\t\t\t<div class=\"e-con-inner\">\n\t\t\t\t<div class=\"elementor-element elementor-element-36ce7349 elementor-invisible elementor-widget elementor-widget-text-editor\" data-id=\"36ce7349\" data-element_type=\"widget\" data-settings=\"{&quot;_animation&quot;:&quot;fadeInUp&quot;}\" data-widget_type=\"text-editor.default\">\n\t\t\t\t<div class=\"elementor-widget-container\">\n\t\t\t\t\t\t\t\t\t<p>Wspieramy Tw\u00f3j projekt ka\u017cdego dnia<\/p>\t\t\t\t\t\t\t\t<\/div>\n\t\t\t\t<\/div>\n\t\t\t\t<div class=\"elementor-element elementor-element-157af5dc elementor-widget elementor-widget-heading\" data-id=\"157af5dc\" data-element_type=\"widget\" data-widget_type=\"heading.default\">\n\t\t\t\t<div class=\"elementor-widget-container\">\n\t\t\t\t\t<h1 class=\"elementor-heading-title elementor-size-default\">Tapety szyte na miar\u0119 inwestycji<\/h1>\t\t\t\t<\/div>\n\t\t\t\t<\/div>\n\t\t\t\t\t<\/div>\n\t\t\t\t<\/div>\n\t\t\t\t\t<\/div>\n\t\t\t\t<\/div>\n\t\t<div class=\"elementor-element elementor-element-6d240b74 e-flex e-con-boxed e-con e-parent\" data-id=\"6d240b74\" data-element_type=\"container\">\n\t\t\t\t\t<div class=\"e-con-inner\">\n\t\t<div class=\"elementor-element elementor-element-1cbf0ad7 e-con-full e-flex e-con e-child\" data-id=\"1cbf0ad7\" data-element_type=\"container\">\n\t\t\t\t<div class=\"elementor-element elementor-element-3bde6d74 elementor-widget elementor-widget-heading\" data-id=\"3bde6d74\" data-element_type=\"widget\" data-widget_type=\"heading.default\">\n\t\t\t\t<div class=\"elementor-widget-container\">\n\t\t\t\t\t<h2 class=\"elementor-heading-title elementor-size-default\">Deweloperzy<\/h2>\t\t\t\t<\/div>\n\t\t\t\t<\/div>\n\t\t\t\t<div class=\"elementor-element elementor-element-6629c9e3 elementor-widget elementor-widget-text-editor\" data-id=\"6629c9e3\" data-element_type=\"widget\" data-widget_type=\"text-editor.default\">\n\t\t\t\t<div class=\"elementor-widget-container\">\n\t\t\t\t\t\t\t\t\t<p>Lorem ipsum dolor sit amet, consectetur adipiscing elit, sed do eiusmod tempor incididunt ut labore et dolore<\/p>\t\t\t\t\t\t\t\t<\/div>\n\t\t\t\t<\/div>\n\t\t\t\t<\/div>\n\t\t<div class=\"elementor-element elementor-element-720605b3 e-con-full e-flex e-con e-child\" data-id=\"720605b3\" data-element_type=\"container\">\n\t\t<div class=\"elementor-element elementor-element-2f33558b e-con-full e-flex e-con e-child\" data-id=\"2f33558b\" data-element_type=\"container\">\n\t\t\t\t<div class=\"elementor-element elementor-element-2a46945 elementor-widget elementor-widget-image\" data-id=\"2a46945\" data-element_type=\"widget\" data-widget_type=\"image.default\">\n\t\t\t\t<div class=\"elementor-widget-container\">\n\t\t\t\t\t\t\t\t\t\t\t\t\t\t\t<img decoding=\"async\" width=\"800\" height=\"534\" src=\"https:\/\/fullwall.pl\/wp-content\/uploads\/2025\/09\/ikhbale-PZtEIALb7pg-unsplash-1024x683.jpg\" class=\"attachment-large size-large wp-image-391\" alt=\"\" srcset=\"https:\/\/fullwall.pl\/wp-content\/uploads\/2025\/09\/ikhbale-PZtEIALb7pg-unsplash-1024x683.jpg 1024w, https:\/\/fullwall.pl\/wp-content\/uploads\/2025\/09\/ikhbale-PZtEIALb7pg-unsplash-300x200.jpg 300w, https:\/\/fullwall.pl\/wp-content\/uploads\/2025\/09\/ikhbale-PZtEIALb7pg-unsplash-768x512.jpg 768w, https:\/\/fullwall.pl\/wp-content\/uploads\/2025\/09\/ikhbale-PZtEIALb7pg-unsplash-1536x1024.jpg 1536w, https:\/\/fullwall.pl\/wp-content\/uploads\/2025\/09\/ikhbale-PZtEIALb7pg-unsplash-2048x1365.jpg 2048w\" sizes=\"(max-width: 800px) 100vw, 800px\" \/>\t\t\t\t\t\t\t\t\t\t\t\t\t\t\t<\/div>\n\t\t\t\t<\/div>\n\t\t\t\t<div class=\"elementor-element elementor-element-5757e13b elementor-widget elementor-widget-heading\" data-id=\"5757e13b\" data-element_type=\"widget\" data-widget_type=\"heading.default\">\n\t\t\t\t<div class=\"elementor-widget-container\">\n\t\t\t\t\t<h2 class=\"elementor-heading-title elementor-size-default\">Jako\u015b\u0107 wyko\u0144czenia nieruchomo\u015bci <\/h2>\t\t\t\t<\/div>\n\t\t\t\t<\/div>\n\t\t\t\t<div class=\"elementor-element elementor-element-26aa4319 elementor-widget elementor-widget-text-editor\" data-id=\"26aa4319\" data-element_type=\"widget\" data-widget_type=\"text-editor.default\">\n\t\t\t\t<div class=\"elementor-widget-container\">\n\t\t\t\t\t\t\t\t\t<p>Nasze bezszwowe tapety pozwalaj\u0105 wyr\u00f3\u017cni\u0107 wn\u0119trza inwestycji na konkurencyjnym rynku. Rozwi\u0105zania polecane dla apartamentowc\u00f3w i budynk\u00f3w us\u0142ugowych \u2014 najwy\u017csza jako\u015b\u0107 druku, trwa\u0142o\u015b\u0107 oraz szeroki wyb\u00f3r wzor\u00f3w zapewniaj\u0105 efekt nowo\u015bci na d\u0142ugie lata. Doradzimy projekt, dobierzemy materia\u0142y oraz zapewnimy szybki monta\u017c na ka\u017cdej powierzchni.<\/p>\t\t\t\t\t\t\t\t<\/div>\n\t\t\t\t<\/div>\n\t\t\t\t<\/div>\n\t\t\t\t<\/div>\n\t\t\t\t\t<\/div>\n\t\t\t\t<\/div>\n\t\t<div class=\"elementor-element elementor-element-034618e e-flex e-con-boxed e-con e-parent\" data-id=\"034618e\" data-element_type=\"container\">\n\t\t\t\t\t<div class=\"e-con-inner\">\n\t\t<div class=\"elementor-element elementor-element-d9266b5 e-con-full e-flex e-con e-child\" data-id=\"d9266b5\" data-element_type=\"container\">\n\t\t\t\t<div class=\"elementor-element elementor-element-87cda4b elementor-widget elementor-widget-heading\" data-id=\"87cda4b\" data-element_type=\"widget\" data-widget_type=\"heading.default\">\n\t\t\t\t<div class=\"elementor-widget-container\">\n\t\t\t\t\t<h2 class=\"elementor-heading-title elementor-size-default\">Architekci<\/h2>\t\t\t\t<\/div>\n\t\t\t\t<\/div>\n\t\t\t\t<div class=\"elementor-element elementor-element-68cf7e6 elementor-widget elementor-widget-text-editor\" data-id=\"68cf7e6\" data-element_type=\"widget\" data-widget_type=\"text-editor.default\">\n\t\t\t\t<div class=\"elementor-widget-container\">\n\t\t\t\t\t\t\t\t\t<p>Lorem ipsum dolor sit amet, consectetur adipiscing elit, sed do eiusmod tempor incididunt ut labore et dolore<\/p>\t\t\t\t\t\t\t\t<\/div>\n\t\t\t\t<\/div>\n\t\t\t\t<\/div>\n\t\t<div class=\"elementor-element elementor-element-4ea3354 e-con-full e-flex e-con e-child\" data-id=\"4ea3354\" data-element_type=\"container\">\n\t\t<div class=\"elementor-element elementor-element-4b327ad e-con-full e-flex e-con e-child\" data-id=\"4b327ad\" data-element_type=\"container\">\n\t\t\t\t<div class=\"elementor-element elementor-element-88bc219 elementor-widget elementor-widget-image\" data-id=\"88bc219\" data-element_type=\"widget\" data-widget_type=\"image.default\">\n\t\t\t\t<div class=\"elementor-widget-container\">\n\t\t\t\t\t\t\t\t\t\t\t\t\t\t\t<img decoding=\"async\" width=\"800\" height=\"600\" src=\"https:\/\/fullwall.pl\/wp-content\/uploads\/2025\/09\/brett-jordan-R8zDS-XpOF0-unsplash-1024x768.jpg\" class=\"attachment-large size-large wp-image-387\" alt=\"\" srcset=\"https:\/\/fullwall.pl\/wp-content\/uploads\/2025\/09\/brett-jordan-R8zDS-XpOF0-unsplash-1024x768.jpg 1024w, https:\/\/fullwall.pl\/wp-content\/uploads\/2025\/09\/brett-jordan-R8zDS-XpOF0-unsplash-300x225.jpg 300w, https:\/\/fullwall.pl\/wp-content\/uploads\/2025\/09\/brett-jordan-R8zDS-XpOF0-unsplash-768x576.jpg 768w, https:\/\/fullwall.pl\/wp-content\/uploads\/2025\/09\/brett-jordan-R8zDS-XpOF0-unsplash-1536x1152.jpg 1536w, https:\/\/fullwall.pl\/wp-content\/uploads\/2025\/09\/brett-jordan-R8zDS-XpOF0-unsplash-2048x1536.jpg 2048w\" sizes=\"(max-width: 800px) 100vw, 800px\" \/>\t\t\t\t\t\t\t\t\t\t\t\t\t\t\t<\/div>\n\t\t\t\t<\/div>\n\t\t\t\t<div class=\"elementor-element elementor-element-14da282 elementor-widget elementor-widget-heading\" data-id=\"14da282\" data-element_type=\"widget\" data-widget_type=\"heading.default\">\n\t\t\t\t<div class=\"elementor-widget-container\">\n\t\t\t\t\t<h2 class=\"elementor-heading-title elementor-size-default\">Projekty bez granicze\u0144<\/h2>\t\t\t\t<\/div>\n\t\t\t\t<\/div>\n\t\t\t\t<div class=\"elementor-element elementor-element-a598fdf elementor-widget elementor-widget-text-editor\" data-id=\"a598fdf\" data-element_type=\"widget\" data-widget_type=\"text-editor.default\">\n\t\t\t\t<div class=\"elementor-widget-container\">\n\t\t\t\t\t\t\t\t\t<p>Realizujemy indywidualne koncepcje architektoniczne, bazuj\u0105c na bezszwowych technologiach. Tapety wykonujemy na wymiar wed\u0142ug projektu, a nasza oferta obejmuje produkty d\u017awi\u0119koch\u0142onne, trudnopalne oraz ekologiczne. Oferujemy wsparcie projektowe na ka\u017cdym etapie inwestycji oraz bezpo\u015bredni\u0105 wsp\u00f3\u0142prac\u0119 z zespo\u0142em architekt\u00f3w \u2013 r\u00f3wnie\u017c w obiektach u\u017cyteczno\u015bci publicznej, przestrzeniach kreatywnych i premium.<\/p>\t\t\t\t\t\t\t\t<\/div>\n\t\t\t\t<\/div>\n\t\t\t\t<\/div>\n\t\t\t\t<\/div>\n\t\t\t\t\t<\/div>\n\t\t\t\t<\/div>\n\t\t<div class=\"elementor-element elementor-element-90a641e e-flex e-con-boxed e-con e-parent\" data-id=\"90a641e\" data-element_type=\"container\">\n\t\t\t\t\t<div class=\"e-con-inner\">\n\t\t<div class=\"elementor-element elementor-element-152da88 e-con-full e-flex e-con e-child\" data-id=\"152da88\" data-element_type=\"container\">\n\t\t\t\t<div class=\"elementor-element elementor-element-1cae393 elementor-widget elementor-widget-heading\" data-id=\"1cae393\" data-element_type=\"widget\" data-widget_type=\"heading.default\">\n\t\t\t\t<div class=\"elementor-widget-container\">\n\t\t\t\t\t<h2 class=\"elementor-heading-title elementor-size-default\">Hotele<\/h2>\t\t\t\t<\/div>\n\t\t\t\t<\/div>\n\t\t\t\t<div class=\"elementor-element elementor-element-616d7ed elementor-widget elementor-widget-text-editor\" data-id=\"616d7ed\" data-element_type=\"widget\" data-widget_type=\"text-editor.default\">\n\t\t\t\t<div class=\"elementor-widget-container\">\n\t\t\t\t\t\t\t\t\t<p>Lorem ipsum dolor sit amet, consectetur adipiscing elit, sed do eiusmod tempor incididunt ut labore et dolore<\/p>\t\t\t\t\t\t\t\t<\/div>\n\t\t\t\t<\/div>\n\t\t\t\t<\/div>\n\t\t<div class=\"elementor-element elementor-element-c881e96 e-con-full e-flex e-con e-child\" data-id=\"c881e96\" data-element_type=\"container\">\n\t\t<div class=\"elementor-element elementor-element-89081a4 e-con-full e-flex e-con e-child\" data-id=\"89081a4\" data-element_type=\"container\">\n\t\t\t\t<div class=\"elementor-element elementor-element-1de35c3 elementor-widget elementor-widget-image\" data-id=\"1de35c3\" data-element_type=\"widget\" data-widget_type=\"image.default\">\n\t\t\t\t<div class=\"elementor-widget-container\">\n\t\t\t\t\t\t\t\t\t\t\t\t\t\t\t<img loading=\"lazy\" decoding=\"async\" width=\"800\" height=\"600\" src=\"https:\/\/fullwall.pl\/wp-content\/uploads\/2025\/09\/upendra-wanmali-J9MvT-baSrY-unsplash-1024x768.jpg\" class=\"attachment-large size-large wp-image-386\" alt=\"\" srcset=\"https:\/\/fullwall.pl\/wp-content\/uploads\/2025\/09\/upendra-wanmali-J9MvT-baSrY-unsplash-1024x768.jpg 1024w, https:\/\/fullwall.pl\/wp-content\/uploads\/2025\/09\/upendra-wanmali-J9MvT-baSrY-unsplash-300x225.jpg 300w, https:\/\/fullwall.pl\/wp-content\/uploads\/2025\/09\/upendra-wanmali-J9MvT-baSrY-unsplash-768x576.jpg 768w, https:\/\/fullwall.pl\/wp-content\/uploads\/2025\/09\/upendra-wanmali-J9MvT-baSrY-unsplash-1536x1152.jpg 1536w, https:\/\/fullwall.pl\/wp-content\/uploads\/2025\/09\/upendra-wanmali-J9MvT-baSrY-unsplash-2048x1536.jpg 2048w\" sizes=\"(max-width: 800px) 100vw, 800px\" \/>\t\t\t\t\t\t\t\t\t\t\t\t\t\t\t<\/div>\n\t\t\t\t<\/div>\n\t\t\t\t<div class=\"elementor-element elementor-element-189aeab elementor-widget elementor-widget-heading\" data-id=\"189aeab\" data-element_type=\"widget\" data-widget_type=\"heading.default\">\n\t\t\t\t<div class=\"elementor-widget-container\">\n\t\t\t\t\t<h2 class=\"elementor-heading-title elementor-size-default\">Szybka zmiana \u2013 nowa jako\u015b\u0107<\/h2>\t\t\t\t<\/div>\n\t\t\t\t<\/div>\n\t\t\t\t<div class=\"elementor-element elementor-element-96de0a0 elementor-widget elementor-widget-text-editor\" data-id=\"96de0a0\" data-element_type=\"widget\" data-widget_type=\"text-editor.default\">\n\t\t\t\t<div class=\"elementor-widget-container\">\n\t\t\t\t\t\t\t\t\t<p>Nasze bezszwowe tapety pozwalaj\u0105 wyr\u00f3\u017cni\u0107 wn\u0119trza inwestycji na konkurencyjnym rynku. Rozwi\u0105zania polecane dla apartamentowc\u00f3w i budynk\u00f3w us\u0142ugowych \u2014 najwy\u017csza jako\u015b\u0107 druku, trwa\u0142o\u015b\u0107 oraz szeroki wyb\u00f3r wzor\u00f3w zapewniaj\u0105 efekt nowo\u015bci na d\u0142ugie lata. Doradzimy projekt, dobierzemy materia\u0142y oraz zapewnimy szybki monta\u017c na ka\u017cdej powierzchni.<\/p>\t\t\t\t\t\t\t\t<\/div>\n\t\t\t\t<\/div>\n\t\t\t\t<\/div>\n\t\t\t\t<\/div>\n\t\t\t\t\t<\/div>\n\t\t\t\t<\/div>\n\t\t<div class=\"elementor-element elementor-element-4e40b9c e-flex e-con-boxed e-con e-parent\" data-id=\"4e40b9c\" data-element_type=\"container\">\n\t\t\t\t\t<div class=\"e-con-inner\">\n\t\t<div class=\"elementor-element elementor-element-933163c e-con-full e-flex e-con e-child\" data-id=\"933163c\" data-element_type=\"container\">\n\t\t\t\t<div class=\"elementor-element elementor-element-9ef5388 elementor-widget elementor-widget-heading\" data-id=\"9ef5388\" data-element_type=\"widget\" data-widget_type=\"heading.default\">\n\t\t\t\t<div class=\"elementor-widget-container\">\n\t\t\t\t\t<h2 class=\"elementor-heading-title elementor-size-default\">Biura<\/h2>\t\t\t\t<\/div>\n\t\t\t\t<\/div>\n\t\t\t\t<div class=\"elementor-element elementor-element-6c8136c elementor-widget elementor-widget-text-editor\" data-id=\"6c8136c\" data-element_type=\"widget\" data-widget_type=\"text-editor.default\">\n\t\t\t\t<div class=\"elementor-widget-container\">\n\t\t\t\t\t\t\t\t\t<p>Lorem ipsum dolor sit amet, consectetur adipiscing elit, sed do eiusmod tempor incididunt ut labore et dolore<\/p>\t\t\t\t\t\t\t\t<\/div>\n\t\t\t\t<\/div>\n\t\t\t\t<\/div>\n\t\t<div class=\"elementor-element elementor-element-1480afc e-con-full e-flex e-con e-child\" data-id=\"1480afc\" data-element_type=\"container\">\n\t\t<div class=\"elementor-element elementor-element-a4e0c1b e-con-full e-flex e-con e-child\" data-id=\"a4e0c1b\" data-element_type=\"container\">\n\t\t\t\t<div class=\"elementor-element elementor-element-e91c170 elementor-widget elementor-widget-image\" data-id=\"e91c170\" data-element_type=\"widget\" data-widget_type=\"image.default\">\n\t\t\t\t<div class=\"elementor-widget-container\">\n\t\t\t\t\t\t\t\t\t\t\t\t\t\t\t<img loading=\"lazy\" decoding=\"async\" width=\"800\" height=\"450\" src=\"https:\/\/fullwall.pl\/wp-content\/uploads\/2025\/08\/002_-1024x576.jpg\" class=\"attachment-large size-large wp-image-271\" alt=\"\" srcset=\"https:\/\/fullwall.pl\/wp-content\/uploads\/2025\/08\/002_-1024x576.jpg 1024w, https:\/\/fullwall.pl\/wp-content\/uploads\/2025\/08\/002_-300x169.jpg 300w, https:\/\/fullwall.pl\/wp-content\/uploads\/2025\/08\/002_-768x432.jpg 768w, https:\/\/fullwall.pl\/wp-content\/uploads\/2025\/08\/002_-1536x864.jpg 1536w, https:\/\/fullwall.pl\/wp-content\/uploads\/2025\/08\/002_.jpg 1728w\" sizes=\"(max-width: 800px) 100vw, 800px\" \/>\t\t\t\t\t\t\t\t\t\t\t\t\t\t\t<\/div>\n\t\t\t\t<\/div>\n\t\t\t\t<div class=\"elementor-element elementor-element-3166890 elementor-widget elementor-widget-heading\" data-id=\"3166890\" data-element_type=\"widget\" data-widget_type=\"heading.default\">\n\t\t\t\t<div class=\"elementor-widget-container\">\n\t\t\t\t\t<h2 class=\"elementor-heading-title elementor-size-default\">Atmosfera<\/h2>\t\t\t\t<\/div>\n\t\t\t\t<\/div>\n\t\t\t\t<div class=\"elementor-element elementor-element-432395a elementor-widget elementor-widget-text-editor\" data-id=\"432395a\" data-element_type=\"widget\" data-widget_type=\"text-editor.default\">\n\t\t\t\t<div class=\"elementor-widget-container\">\n\t\t\t\t\t\t\t\t\t<p>Tworzymy tapety do nowoczesnych biur i gabinet\u00f3w \u2013 od minimalistycznych po artystyczne wzory. Bezszwowe wyko\u0144czenie \u015bcian pozwala na szybk\u0105 zmian\u0119 aran\u017cacji bez konieczno\u015bci remontu. Nasze produkty s\u0105 odporne na zabrudzenia, zarysowania i daj\u0105 si\u0119 \u0142atwo wyczy\u015bci\u0107. Doskona\u0142e do reprezentacyjnych przestrzeni, open space, stref coworkingowych czy sal konferencyjnych.<\/p>\t\t\t\t\t\t\t\t<\/div>\n\t\t\t\t<\/div>\n\t\t\t\t<\/div>\n\t\t\t\t<\/div>\n\t\t\t\t\t<\/div>\n\t\t\t\t<\/div>\n\t\t<div class=\"elementor-element elementor-element-c0635fc e-flex e-con-boxed e-con e-parent\" data-id=\"c0635fc\" data-element_type=\"container\">\n\t\t\t\t\t<div class=\"e-con-inner\">\n\t\t<div class=\"elementor-element elementor-element-dcb67f7 e-con-full e-flex e-con e-child\" data-id=\"dcb67f7\" data-element_type=\"container\">\n\t\t\t\t<div class=\"elementor-element elementor-element-a92d916 elementor-widget elementor-widget-heading\" data-id=\"a92d916\" data-element_type=\"widget\" data-widget_type=\"heading.default\">\n\t\t\t\t<div class=\"elementor-widget-container\">\n\t\t\t\t\t<h2 class=\"elementor-heading-title elementor-size-default\">Tw\u00f3j dom<\/h2>\t\t\t\t<\/div>\n\t\t\t\t<\/div>\n\t\t\t\t<div class=\"elementor-element elementor-element-2040d4a elementor-widget elementor-widget-text-editor\" data-id=\"2040d4a\" data-element_type=\"widget\" data-widget_type=\"text-editor.default\">\n\t\t\t\t<div class=\"elementor-widget-container\">\n\t\t\t\t\t\t\t\t\t<p>Lorem ipsum dolor sit amet, consectetur adipiscing elit, sed do eiusmod tempor incididunt ut labore et dolore<\/p>\t\t\t\t\t\t\t\t<\/div>\n\t\t\t\t<\/div>\n\t\t\t\t<\/div>\n\t\t<div class=\"elementor-element elementor-element-4acd3b8 e-con-full e-flex e-con e-child\" data-id=\"4acd3b8\" data-element_type=\"container\">\n\t\t<div class=\"elementor-element elementor-element-a9da198 e-con-full e-flex e-con e-child\" data-id=\"a9da198\" data-element_type=\"container\">\n\t\t\t\t<div class=\"elementor-element elementor-element-b985bba elementor-widget elementor-widget-image\" data-id=\"b985bba\" data-element_type=\"widget\" data-widget_type=\"image.default\">\n\t\t\t\t<div class=\"elementor-widget-container\">\n\t\t\t\t\t\t\t\t\t\t\t\t\t\t\t<img loading=\"lazy\" decoding=\"async\" width=\"800\" height=\"450\" src=\"https:\/\/fullwall.pl\/wp-content\/uploads\/2025\/08\/001_-1024x576.jpg\" class=\"attachment-large size-large wp-image-270\" alt=\"\" srcset=\"https:\/\/fullwall.pl\/wp-content\/uploads\/2025\/08\/001_-1024x576.jpg 1024w, https:\/\/fullwall.pl\/wp-content\/uploads\/2025\/08\/001_-300x169.jpg 300w, https:\/\/fullwall.pl\/wp-content\/uploads\/2025\/08\/001_-768x432.jpg 768w, https:\/\/fullwall.pl\/wp-content\/uploads\/2025\/08\/001_-1536x864.jpg 1536w, https:\/\/fullwall.pl\/wp-content\/uploads\/2025\/08\/001_.jpg 1728w\" sizes=\"(max-width: 800px) 100vw, 800px\" \/>\t\t\t\t\t\t\t\t\t\t\t\t\t\t\t<\/div>\n\t\t\t\t<\/div>\n\t\t\t\t<div class=\"elementor-element elementor-element-2eb9419 elementor-widget elementor-widget-heading\" data-id=\"2eb9419\" data-element_type=\"widget\" data-widget_type=\"heading.default\">\n\t\t\t\t<div class=\"elementor-widget-container\">\n\t\t\t\t\t<h2 class=\"elementor-heading-title elementor-size-default\">Relaks \u2013 Komfort \u2013 Przesterze\u0144 <\/h2>\t\t\t\t<\/div>\n\t\t\t\t<\/div>\n\t\t\t\t<div class=\"elementor-element elementor-element-558f4ba elementor-widget elementor-widget-text-editor\" data-id=\"558f4ba\" data-element_type=\"widget\" data-widget_type=\"text-editor.default\">\n\t\t\t\t<div class=\"elementor-widget-container\">\n\t\t\t\t\t\t\t\t\t<p>Wyra\u017a sw\u00f3j styl i stw\u00f3rz niepowtarzaln\u0105 atmosfer\u0119 z naszymi bezszwowymi tapetami na zam\u00f3wienie do ka\u017cdego wn\u0119trza mieszkalnego. Oferujemy indywidualny projekt, szeroki wyb\u00f3r wzor\u00f3w oraz najwy\u017csz\u0105 jako\u015b\u0107 wykonania \u2013 tak, by domowa przestrze\u0144 by\u0142a naprawd\u0119 wyj\u0105tkowa.<\/p>\t\t\t\t\t\t\t\t<\/div>\n\t\t\t\t<\/div>\n\t\t\t\t<\/div>\n\t\t\t\t<\/div>\n\t\t\t\t\t<\/div>\n\t\t\t\t<\/div>\n\t\t\t\t<\/div>\n\t\t","protected":false},"excerpt":{"rendered":"<p>Wspieramy Tw\u00f3j projekt ka\u017cdego dnia Tapety szyte na miar\u0119 inwestycji Deweloperzy Lorem ipsum dolor sit amet, consectetur adipiscing elit, sed do eiusmod tempor incididunt ut labore et dolore Jako\u015b\u0107 wyko\u0144czenia nieruchomo\u015bci Nasze bezszwowe tapety pozwalaj\u0105 wyr\u00f3\u017cni\u0107 wn\u0119trza inwestycji na konkurencyjnym rynku. Rozwi\u0105zania polecane dla apartamentowc\u00f3w i budynk\u00f3w us\u0142ugowych \u2014 najwy\u017csza jako\u015b\u0107 druku, trwa\u0142o\u015b\u0107 oraz szeroki [&hellip;]<\/p>\n","protected":false},"author":1,"featured_media":0,"parent":0,"menu_order":0,"comment_status":"closed","ping_status":"closed","template":"elementor_header_footer","meta":{"footnotes":""},"class_list":["post-83","page","type-page","status-publish","hentry"],"_links":{"self":[{"href":"https:\/\/fullwall.pl\/index.php?rest_route=\/wp\/v2\/pages\/83","targetHints":{"allow":["GET"]}}],"collection":[{"href":"https:\/\/fullwall.pl\/index.php?rest_route=\/wp\/v2\/pages"}],"about":[{"href":"https:\/\/fullwall.pl\/index.php?rest_route=\/wp\/v2\/types\/page"}],"author":[{"embeddable":true,"href":"https:\/\/fullwall.pl\/index.php?rest_route=\/wp\/v2\/users\/1"}],"replies":[{"embeddable":true,"href":"https:\/\/fullwall.pl\/index.php?rest_route=%2Fwp%2Fv2%2Fcomments&post=83"}],"version-history":[{"count":60,"href":"https:\/\/fullwall.pl\/index.php?rest_route=\/wp\/v2\/pages\/83\/revisions"}],"predecessor-version":[{"id":394,"href":"https:\/\/fullwall.pl\/index.php?rest_route=\/wp\/v2\/pages\/83\/revisions\/394"}],"wp:attachment":[{"href":"https:\/\/fullwall.pl\/index.php?rest_route=%2Fwp%2Fv2%2Fmedia&parent=83"}],"curies":[{"name":"wp","href":"https:\/\/api.w.org\/{rel}","templated":true}]}}